(7 - (2 - -2)).
-4
Calculate 14 - 21 - (7 - 11).
-3
Evaluate -5 + 1 - ((-6 - -1) + 1).
0
What is 1 + -1 + -4 - (-4 + 2)?
-2
What is the value of (2 - 6) + -8 + 17?
5
(3 - (-6 - (-11 + 1))) + 8
7
Evaluate (9 - (1 - -3)) + -1.
4
-9 + 0 - -4 - -1
-4
(-5 - -4) + -9 + 14
4
What is the value of -7 + (-1 - (-24 + 2)) + -4?
10
What is (-3 - -1 - 2) + 1 + 2?
-1
13 - ((0 + 3 - -4) + 0)
6
What is 1 + 0 - (-4 + (0 - -7))?
-2
What is the value of -1 + (8 - 0) + -3?
4
What is (8 - 8 - -15) + (-4 - 4)?
7
Calculate -7 + (-4 - -14) - (0 - -2).
1
Calculate 7 - (1 + -1) - (-43 + 48).
2
1 + 0 - 4 - (5 + -5)
-3
What is 7 + (6 + -7 - 0)?
6
What is the value of -3 + 4 + (-8 - -10) + -6?
-3
Calculate (2 - -2) + (-8 - -2) - -7.
5
Evaluate (-8 - -2) + (11 - (9 + -3)).
-1
Evaluate -24 - -12 - (1 - 5).
-8
What is 1 + 0 - (32 + -22)?
-9
Calculate (-1 - -6) + (40 - 36) - 7.
2
Evaluate (7 - 8) + 4 + 0.
3
What is the value of 4 + (6 - 8) + -10?
-8
Evaluate 15 + -3 - (-10 + 2 + 16).
4
What is the value of 2 - 0 - (-81 + 77)?
6
1 + -17 + 8 + 1
-7
What is the value of 9 + (4 + -6 - 3)?
4
Calculate -9 + 3 + 15 + -11.
-2
What is the value of -3 + 14 + -5 - 1?
5
(3 - -8) + 8 + -28
-9
What is the value of (-1 - 2) + 4 + (3 - 1)?
3
Calculate 9 - (-9 - -14 - 4).
8
What is 5 + -1 - (9 + -22 + 14)?
3
(-3 - 0) + (2 - -2)
1
Calculate 4 - ((9 - -3) + -5).
-3
Evaluate -2 - (-5 + (7 - 5)).
1
-7 - -2 - (-3 + -5)
3
What is the value of 6 + 5 + 5 + (13 - 20)?
9
Calculate 0 + -1 - (2 + 1).
-4
What is the value of -3 + -4 + 3 + (5 - 5)?
-4
What is the value of -7 - (3 - (-2 + 2) - 7)?
-3
Evaluate -12 + (9 + -1 - 0) + -1.
-5
0 + (1 + 2 - 6)
-3
What is -4 + 5 + (-6 - -3)?
-2
Evaluate 0 + -5 + 8 - (-1 + 8).
-4
Calculate 1 - (3 + 3 + -2).
-3
What is (4 - 5) + (-2 - -2 - 4)?
-5
Evaluate 1 + -5 - (-9 + 1 - -2).
2
What is the value of 0 - (-1 + 6 - 1)?
-4
Evaluate (18 - 13) + -3 + 2 + 2.
6
What is the value of -1 + -2 - (-66 + 62)?
1
Calculate 3 - (1 + 11 + 11 + -15).
-5
What is 1 + 1 + -104 + 99?
-3
What is the value of (3 - 1 - (-3 + 5)) + -4?
-4
Evaluate -10 + 4 + -1 + 10.
3
Evaluate (-5 + 8 - 5) + (-7 - -3).
-6
(-5 - 3) + 0 + 8
0
-1 + (-5 - (-4 + 0))
-2
What is the value of (-3 - (1 + -4)) + 3 + -6?
-3
What is -6 + 2 + 0 + 10 + -4?
2
Evaluate (-1 - -2) + (-2 - 2) + 8.
5
2 - ((-4 - 2) + 3) - -1
6
Evaluate 8 - (18 + -13) - 13.
-10
What is 8 + 17 + -18 - (0 + 16)?
-9
Evaluate 6 + 3 + -20 + 14.
3
What is (-10 - (4 - 10)) + 0?
-4
-3 - (-6 - -5 - 4) - 1
1
What is 5 - (-9 + (4 - -7))?
3
Evaluate (-4 - (-4 - -5)) + 10.
5
What is the value of -1 + 10 + -13 - -7?
3
What is -5 - (1 - (11 - 7 - -2))?
0
Calculate 3 - -6 - 4 - 8.
-3
What is the value of 9 - 1 - (-32 - -36)?
4
-17 - (0 - 12) - -6
1
Evaluate 0 - (-4 - -1 - (3 - 2)).
4
What is the value of 10 + -5 + (2 - 0 - 0)?
7
What is the value of 0 - (5 - (4 - -4)) - 6?
-3
Calculate 0 - (-11 + 7 - -6).
-2
What is the value of (8 - 4) + (-6 - (2 - 1))?
-3
Evaluate (-6 + 6 - 0) + -5.
-5
Calculate -3 - (-5 - (6 + -5)) - -5.
8
Evaluate -37 + 37 - (0 + -6).
6
What is 4 + 1 - ((3 - 2) + -1)?
5
What is the value of (2 - (1 + -2)) + -6 + 1?
-2
What is -7 + (0 - (8 + -11)) + 2?
-2
4 + -1 - (-9 - (-1 - 5))
6
4 + -4 + 1 + 5 + -1
5
-2 + (-2 - (-7 + 9))
-6
Evaluate 2 + -7 + -3 + 8 + -5.
-5
Calculate 7 + -4 - (1 - -4) - 7.
-9
234 - 230 - (0 - -13 - 1)
-8
Calculate 1 + -9 + 3 + -1.
-6
-1 + 3 - 1 - (-7 - -12)
-4
Calculate (6 - 2) + -8 + (3 - 4).
-5
-1 - -5 - (0 - (-3 + 0))
1
What is 2 - -1 - 3 - (6 - 7)?
1
6 - (3 - 8 - -10)
1
What is the value of 2 + (-4 + 1 - -5)?
4
What is 2 + -4 - 1 - (-7 + 9)?
-5
-10 - (-1 - (3 + 0))
-6
Evaluate 11 + -3 + -7 + 1 + 0.
2
2 + (-1 + 2 - (-10 + 7))
6
What is the value of 5 - 0 - ((9 - 8) + 3)?
1
What is the value of (-1 - 0) + (-4 - (-4 - -3))?
-4
What is the value of 3 - (-7 - -2 - -8)?
0
What is the value of -12 + 8 + (-2 - -6)?
0
(5 - 3 - 4) + 2 - -1
1
What is 33 - 17 - (16 - 3)?
3
(3 - -2) + -7 + 10
8
What is the value of -9 - (6 - 9) - -10?
4
What is 37 + -27 + -3 + (1 - 2)?
6
Evaluate -8 + (-4 + -4 - -8 - 2).
-10
What is -3 - -1 - (3 + -3)?
-2
Calculate -3 + 6 - (1 + -2).
4
Calculate -9 + 16 - 7 - 1.
-1
Calculate -1 + 2 + (3 + -4 - -3).
3
-1 + 10 + -12 - -8
5
15 + (-8 - 1) + -7 + 2
1
Calculate -1 + -1 + 1 + 6 + -8.
-3
Calculate (-21 - -12) + 4 - 3.
-8
What is -6 - (3 - (-6 + 17 + -2))?
0
What is the value of -4 - (1 + -5 + -4)?
4
Evaluate -3 + -2 - (-10 + 6).
-1
What is (3 - 2) + -19 - -9?
-9
Calculate -8 + 12 + (4 - (-3 + 5)).
6
What is 2 - 4 - (-2 - -1 - 0)?
-1
Evaluate 7 - (-11 + 17 + 1).
0
-7 - (-12 - (-10 - (-6 + 3)))
-2
What is the value of 1 - -1 - (-2 + 5 + -5)?
4
Evaluate -81 + 87 + (-1 - -1) + -2.
4
Calculate 0 + 1 + 7 + -16 + 4.
-4
What is (10 - 4) + -3 + (-4 - -1)?
0
-1 + (-1 - -4) + (-6 - -2)
-2
0 + (-1 - (0 - (-3 + 2)))
-2
Evaluate (2 - -1) + -6 - -11.
8
(5 - 1) + (219 - 232)
-9
What is 0 + -4 - (7 - (4 + 1))?
-6
What is -3 + 11 - (39 - 31)?
0
What is 3 + (0 - 4) + 0?
-1
-11 + 4 + -1 + 15 + -9
-2
What is 8 + -3 + -3 - 6?
-4
Evaluate (-3 - -8) + (1 - (11 + -2)).
-3
Evaluate -7 - (-7 + 1) - (2 + -6).
3
What is (2 - (-7 - -4)) + -4?
1
Evaluate 2 + (2 - 2) + -12 + 11.
1
Evaluate -3 - ((-4 - -2) + (-15 - -15)).
-1
What is the value of 1 + -3 - (3 + -2 + 0)?
-3
What is the value of -4 - (3 + -2) - -3 - -4?
2
2 - 9 - (0 - -1)
-8
Calculate 2 + (-1 - -1) + (-9 - -12).
5
Evaluate -10 + (-3 - (8 - 16)).
-5
Evaluate -1 + 1 + 2 + -2 + 1.
1
Evaluate (4 - (17 - 7)) + (13 - 0).
7
What is the value of -7 - ((1 - -5) + -9)?
-4
Evaluate -8 + 10 - (-1 - 0).
3
What is the value of -4 + 10 + -5 + 2 + -3?
0
What is (-17 - 1) + (10 - (-5 + 7))?
-10
What is 15 + -7 - 14 - -3?
-3
Calculate -5 + -1 - (1 + -2).
-5
What is (-1 - -10) + 64 + -69?
4
Calculate (-4 - (0 - 3)) + -34 + 30.
-5
What is the value of -1 + (4 - -4) + -5?
2
What is 1 - ((-1 - -13) + -12)?
1
What is the value of (2 - (-5 - -10 - 5)) + -7?
-5
Evaluate (-1 + 0 + -4 - 3) + 4.
-4
Evaluate (0 - 0) + 4 - (17 - 7).
-6
What is -3 - -8 - (-5 - -6)?
4
Calculate (-2 - -1) + -11 + 13 - 2.
-1
Calculate 1 + -3 - (-13 - -11).
0
Calculate 0 - (-1 - (1 + -3 + 4)).
3
What is the value of (5 + -2 - -1) + -10?
-6
Calculate -5 - -3 - (-6 + -1).
5
What is (8 + -4 - 2) + 3?
5
What is -2 - (1 + 2 - 6)?
1
(0 - 5 - (-9 + -1)) + -6
-1
-18 + 18 + 3 + -6
-3
Evaluate 5 + -3 + 4 + -1.
5
What is -27 + -2 + 7 - -13?
-9
Calculate (-2 - -5 - 1 - 3) + -1.
-2
-11 + (26 - 28 - (-8 - -1))
-6
Evaluate -1 + 0 + -10 + 22 + -15.
-4
What is the value of -10 - 0 - (-11 + -3)?
4
Calculate 1 + 4 + (-5 - -5).
5
What is the value of 2 - (5 + -1) - (-1 + 1)?
-2
(0 - (3 + -4)) + (-3 - 0)
-2
Evaluate 3 - (10 - 0 - 4).
-3
What is the value of (-1 - (-8 + 6)) + (-1 - 3)?
-3
What is the value of (1 - 1 - -2) + (-20 - -18)?
0
What is the value of 0 - -5 - (-16 + 11 - -9)?
1
What is the value of -5 + -1 + 2 + -3 + 4?
-3
Calculate (24 - 18) + -3 + -2.
1
Evaluate 1 - ((3 - 1) + -6 - 0).
5
-5 + -2 + 4 - (-3 - -5)
-5
Evaluate -5 - -4 - (-4 + 4 - -4).
-5
-5 + (-1 - (5 + -9))
-2
Evaluate 0 + 0 - (2 - 4).
2
What is (-1 - (6 + -10)) + -5 + 3?
1
What is -4 + 4 + 0 + 1?
1
Calculate -14 + (4 - -10) + 0.
0
Calculate -4 + 6 - (1 + -2).
3
Evaluate 6 - ((4 - -3) + -5) - 4.
0
Calculate -5 - (13 - 12 - 2).
-4
What is the value of 0 + -14 + -9 + 13 + 3?
-7
What is the value of 5 + -4 - (2 + -5) - -1?
5
Calculate -5 + 4 + -1 + 7 - 1.
4
Evaluate (6 - (13 + -8)) + -4.
-3
Evaluate -7 - -5 - (-2 + 0).
0
What is the value of (-9 + 3 - -4) + 10 - 7?
1
What is 9 - (6 - (-6 + 5))?
2
What is -4 + (13 + -2 - 7)?
0
Calculate 5 - (3 - (1 - 6)).
-3
What is 13 + -1 + (2 - (-18 - -25))?
7
Calculate 13 + (-9 - (5 - 8)) + -8.
-1
Evaluate 7 + 2 + -6 - 1.
2
What is 1 + -2 - (-12 - 2 - -12)?
1
Calculate -6 - (1 + (6 - 7)).
-6
Evaluate -4 - (-9 + 2 - -3).
0
What is 0 - (-14 + 0 + (-24 - -30))?
8
Evaluate (4 - 6) + (1 - (4 - 7)).
2
What is the value of 2 + (-3 - (7 - 3))?
-5
Calculate 4 + -9 - (-14 - -2).
7
Calculate (9 - 13 - (0 - 0)) + 4.
0
What is the value of (-6 - -1) + 14 + -9 + 5?
5
Calculate 9 - (-14 - (-7 - 22)).
-6
What is -7 + -4 + 1 - (-7 - 0)?
-3
Evaluate 1 + 0 + (-10 - -13 - 5).
-1
-1 - (6 + -18 + 10 + -5)
6
Evaluate -2 + (3 - 2) + (-1 - -1).
-1
What is the value of -14 + (-10 + 5 - -12)?
-7
-44 - -44 - (0 - 2 - -6)
-4
Calculate -5 + 10 + 0 - 9.
-4
(-3 - -1) 